ive d(4).
3
Suppose 4*g = -2*n + 5*n - 49, -5*g = -5*n + 65. Let a(x) = -3*x**2 - 12*x - 12. Let b(z) = -5*z**2 - 19*z - 24. Let t(m) = 7*a(m) - 4*b(m). Determine t(g).
-8
Suppose -6*g = -3*z - g - 1, -2*z + 12 = 3*g. Let m(v) be the second derivative of -3*v**2 + 0 - 1/12*v**4 - 1/2*v**z + 17*v. Give m(-5).
-16
Let c(x) = x**2 + 3*x - 31. Let l be c(3). Let p(q) be the third derivative of -q**6/120 - 7*q**5/30 - 13*q**4/24 + 2*q**3/3 - 5*q**2. What is p(l)?
4
Let q(t) = -t**3 - 6*t**2 - 2*t + 7. Let a(m) = -2 + 32*m - 9*m - 9*m. Let r be a(-4). Let y = r + 53. Give q(y).
-8
Let z = 10 + -4. Let u(k) = -k**3 - 2*k + 48*k**2 + 49*k**2 + 0*k**2 - 1 - 91*k**2. Give u(z).
-13
Let g(l) = 12*l - 123. Let i be (10/(-330)*-12)/(4/110). Give g(i).
-3
Suppose -30*h = -7*h - 23. Let u(f) = -40*f + 37*f - 3 - h. Give u(-7).
17
Suppose 5*l + 0*q = -2*q - 26, q = -2*l - 10. Let v = 103 + -93. Let w = l + v. Let r(k) = k**3 - 3*k**2 - 4*k + 2. Give r(w).
2
Let v(n) = -6*n**2 + n. Suppose 44 - 8 = y + 4*a, 4*y - a - 144 = 0. Let c = y + -37. What is v(c)?
-7
Let j(g) = -g**3 - 12. Suppose 2*y = -55*y. Determine j(y).
-12
Suppose -4*s - 84 = -16*s. Let g(y) = 290 + y**2 + 290 - 865 + 295 - 2*y - 4*y. Calculate g(s).
17
Let o be (-636)/(-63) - 10 - (-82)/21. Suppose 14*v = 18*v + o*u + 68, v + 4*u + 32 = 0. Let c(f) = f**2 + 13*f + 2. Give c(v).
-10
Let p(o) = 2*o + 8. Suppose 2*g - 16*g = -1638. Suppose 0 = 55*t - 64*t - g. What is p(t)?
-18
Let t(f) = 25*f - 99. Let d be t(4). Let s(n) be the first derivative of -n**3/3 - n**2/2 + 3*n - 6. Let k(q) be the first derivative of s(q). What is k(d)?
-3
Let j(i) = -5*i**2 + 10*i + 1. Let v(m) = -86*m + 1811. Let z be v(21). Determine j(z).
-74
Let b(y) be the first derivative of -y**5/8 + y**4/12 + y**3 - 6*y + 5. Let x(z) be the third derivative of b(z). Give x(-2).
32
Let t(d) = -d**3 - 5*d**2 + d - 2. Let j(p) = -2*p**3 - 11*p**2 + 38*p - 21. Let m be j(-8). Calculate t(m).
-7
Let t(x) be the second derivative of x**4/6 - x**3/6 - 2*x**2 + 93*x. Suppose d = -d + 2. Suppose z = -d - 2. Give t(z).
17
Let y(b) be the second derivative of -7*b + 13/2*b**2 - 1/3*b**3 - 6. Give y(7).
-1
Let u(w) = w**2 + 2*w - 10. Let d(y) = -y**3 - 53*y**2 - 570*y + 3. Let q be d(-38). Calculate u(q).
5
Let g be 6/((-4)/(-22)*121/66). Let i(c) = c**3 - 16*c**2 - 34*c - 19. What is i(g)?
17
Let n(w) = w**3 - 7*w**2 + w - 1. Let m(o) = 3*o**2 + 2*o - 60. Let d(t) = 3*t + 1. Let b(a) = 2*d(a) - m(a). Let i be b(5). What is n(i)?
6
Let h(v) be the first derivative of 11/2*v**2 + 10/3*v**3 - 1/4*v**4 - 5 - 7*v. Give h(11).
-7
Let t(y) = 14*y**3 - 54*y**2 - 74*y - 27. Let x(j) = 3*j**3 - 13*j**2 - 18*j - 7. Let l(n) = 2*t(n) - 9*x(n). Give l(-7).
9
Let y(c) = -4239 + 18*c - 23*c + 4244. Give y(6).
-25
Let q(x) = 303*x + 40 - 6*x**3 - 11*x**2 - 556*x + 246*x + 5*x**3. What is q(-10)?
10
Let k be 2 - -9 - 29/(145/20). Let r(o) = 7*o**3 - 2*o**2 - o + 4. Let z(b) = b**3 + b**2 - b. Let h(d) = r(d) - 6*z(d). Give h(k).
-10
Let a(m) = 102*m**2 + 11*m**2 - 136*m**2 + 6*m + 6*m**2 + 16*m**2 + 1 - m. Let h = 10 - 5. Suppose h*y - v = 24, 3*v - 27 = -4*y - 4. What is a(y)?
1
Let p(r) = -2*r**2 + 5*r - 9. Let t(m) = m**2 - 324*m + 335*m - 20 - 5*m**2. Let k(n) = -7*p(n) + 3*t(n). Calculate k(2).
7
Let t(f) be the first derivative of -5*f**2/2 - 2*f + 650. Calculate t(-1).
3
Let w = 471 + -464. Let u(m) be the second derivative of 1/12*m**4 - w*m + 0 + 3*m**2 + 5/3*m**3. Determine u(-7).
-15
Let b = -470 + 460. Let i be 20/15*(15/b - -3). Let n(g) = -8*g**2 + 4*g - 2. Give n(i).
-26
Let j = -94 + 96. Let u(h) = 11*h**j - 4 + 5*h + 3*h**2 - 15*h**2. Determine u(5).
-4
Let a(l) = 2*l. Let g(k) = -4*k - 1. Suppose -12*v = -15*v - 6. Let y(j) = v*g(j) - 5*a(j). Determine y(5).
-8
Let l(r) = 39*r + 736. Let f(w) = -19*w - 332. Let m(o) = 11*f(o) + 5*l(o). Give m(-4).
84
Suppose -4*i = -t - 6, 2*t = 7*t + 4*i - 18. Suppose -4*z = -5*c - 0*z + 35, 0 = 5*c + z - 10. Let m(s) = 1 - 3*s - 3*s**2 + 8*s**2 - s**c + 1. Give m(t).
8
Let s(y) be the third derivative of y**4/24 - 6*y**2 - 63. Suppose 3*f - 6*f = -6. Suppose -f*i + 6 - 12 = 0. Calculate s(i).
-3
Let u(z) = 45*z + 1821. Let y be u(-40). Let r(a) = a**3 - 22*a**2 + 13*a + 18. Calculate r(y).
-150
Let l(m) be the third derivative of m**6/120 - m**5/15 - m**4/4 - 19*m**3/3 - 3*m**2 + 3*m - 168. Give l(6).
-2
Let l(v) = -7*v**2 - 8*v - 82. Let q(h) = 3*h**2 + 4*h + 36. Let m(c) = -2*l(c) - 5*q(c). Determine m(-6).
-28
Let d be (-4)/22 + ((-126)/(-99))/7. Let h(u) = -3 + 5 + 0*u**2 + u**2 + 2 - u. Calculate h(d).
4
Suppose -300 = -5*f + 5*c, 3*c = -12*f + 8*f + 275. Let k(v) = 0 + 66*v + 9*v**2 - 8*v**2 - f*v - 2. What is k(1)?
0
Let y(w) = -2*w - 5. Let u = 41 - 43. Let d = u + -13. Let t be 4/(-6)*(21 + d). Calculate y(t).
3
Let d(x) = x**2 - 7*x + 19. Let w be d(5). Let n(a) = -5 - 2 + w + 5*a - 14*a. What is n(2)?
-16
Let u(c) = c**3 + 8*c**2 + 11*c + 1. Let r be u(-6). Suppose -3*t + 4 + 2 = 0. Let x(b) = -3*b**2 + 2*b + 10*b**t - 10 - b**3 + b. Determine x(r).
11
Suppose 103 = f - 4*j, -j - 2*j + 492 = 5*f. Suppose 103*a = f*a. Let h(r) be the first derivative of r**3/3 + 6*r - 10. Give h(a).
6
Let s(p) be the second derivative of -2*p**2 - 5/3*p**3 + 0 + 71*p - 1/12*p**4. Calculate s(-10).
-4
Let x(i) = -2*i**2 + 5*i - 2. Let c be x(2). Suppose -5*z = -k - c*z + 3, 5*k + 3*z = 43. Suppose -3*g - 2 = -k. Let b(t) = t - 4. Calculate b(g).
-2
Let t = -7 + -28. Let r be 1*(-10)/t + (-33)/(-7). Let b(m) = -2*m + 3. Let q(f) = -3*f + 6. Let d(o) = -9*b(o) + 5*q(o). Calculate d(r).
18
Let s = 1 + 1. Suppose 4 = -3*h + s*h. Let d(r) = r**3 - 2*r**2 + 237*r + 8. Let w(g) = -g**3 + 3*g**2 - 285*g - 10. Let p(u) = -6*d(u) - 5*w(u). What is p(h)?
6
Suppose 3*p + 8 = -2*m - 2*p, 0 = 3*m + 5*p + 7. Let y(l) = 18548430*l - 42*l**2 + 1 - 18548430*l. Give y(m).
-41
Let w(p) = -p**2. Let i = 74 + -29. Suppose -x = i - 46. Give w(x).
-1
Let k(x) = -12*x**3 + 7*x**2 + 6*x + 18. Let p(n) = 19*n**3 - 10*n**2 - 9*n - 26. Let b(s) = 10*k(s) + 7*p(s). What is b(-1)?
-12
Let w be (12/8)/(3/(-6)). Let j = 4 + w. Let v(b) = 48*b**2 + j + b**3 - b + 4 - 45*b**2 - 2. What is v(-4)?
-9
Let m(w) = 2*w**2 - 5*w - 1. Let l(r) = 3*r - 37. Let x be l(12). Let y be m(x). Suppose 9*u - 8*u = y. Let f(j) = -2*j - 5. Calculate f(u).
-17
Let f(i) = -3*i**2 + 5*i**2 - 3*i**2 - 4 + 4*i. Let t(d) = d - 1. Let x = 46 + -40. Let a be t(x). Determine f(a).
-9
Let j = -2 + -6. Let c = 24 + -15. Let h(l) = c + 4*l**2 - 2*l**2 - l**2 - 5 + 6 + 10*l. Give h(j).
-6
Suppose -4*y = 132*v - 130*v - 26, -v - 8 = -5*y. Let s(x) = -x**3 + 6*x**2 + 4*x + 13. Give s(v).
-8
Suppose 43 = 2*i + 5*t, 4*t = 5*i + t - 123. Let u = 33 - i. Let p(w) = -3*w - 3*w + 6*w - w - u. Give p(-4).
-5
Let x(f) be the first derivative of f**3/3 - 3*f**2 + 22*f + 1017. Give x(6).
22
Let c(j) = 4*j - 2. Suppose 5*n - 24 = 4*b, 0 = -4*n + 10*b - 7*b + 19. Suppose -n = 2*z + 3*v, 6*z - 3*z - 4*v = 28. Determine c(z).
14
Suppose 3*u + 100 = -37*j + 39*j, 5*u = 3*j - 153. Let i(g) = -g**3 + 42*g**2 - 39*g - 80. Determine i(j).
2
Suppose -51 = -o - 3*r, 4*o - 62 = 5*r + 57. Suppose 71 = -7*x + o. Let w(k) = k**2 + 6*k + 2. Give w(x).
-3
Let t(r) = r**2 - 21*r - 31. Suppose -3 = 5*k - l, 0 = -18*k + 15*k - 2*l + 6. Give t(k).
-31
Let u(r) = 9*r. Suppose -o - 126 = -10*o. Suppose -42 = o*y - 0. Give u(y).
-27
Let j(b) = -b**3 - 12*b**2 - 13*b - 27. Suppose -5*h + 18*v - 15 = 10*v, 2*v - 45 = 5*h. Give j(h).
-5
Let j(m) be the third derivative of m**5/60 - m**4/24 + 2*m**3/3 - m**2. Let f(p) = p**3 - 31*p**2 + 203*p + 76. Let y be f(10). Calculate j(y).
34
Let f(p) = -p**3 + 8*p**2 + 16*p - 56. Let m be f(9). Let t(k) = 14*k - 91. Calculate t(m).
7
Let m(u) be the second derivative of u**5/20 - u**4/12 - u**3/6 - u**2/2 + u. Let h be m(2). Let p(j) = 272*j + 1 - 281*j + 0. Determine p(h).
-8
Let u(c) = c**3 - c**2 + c. Let w(x) = 6*x**3 - x**2 + x - 2. Let l(h) = 5*u(h) - w(h). Suppose 3*f + 47 = -4*k, 13 = -3*k + 4 - 15. What is l(f)?
7
Suppose -150*j = -174*j + 120. Let g(u) be the third derivative of 1/2*u**3 + 1/6*u**4 + 0*u - 1/60*u**6 + u**2 + 0 + 0*u**j. Give g(-2).
11
Suppose -41*t + 38*t + 3*u = -33, 5*u = -2*t + 15. Let a(m) = -4*m + 18. Calculate a(t).
-22
Let j be (-72)